{"id":19,"date":"2016-05-02T21:34:30","date_gmt":"2016-05-02T19:34:30","guid":{"rendered":"http:\/\/ipp.name\/?page_id=19"},"modified":"2017-05-01T12:20:26","modified_gmt":"2017-05-01T10:20:26","slug":"toyota","status":"publish","type":"page","link":"https:\/\/ipp.name\/?page_id=19","title":{"rendered":"TOYOTA"},"content":{"rendered":"<p>Pro\u010d pr\u00e1v\u011b TOYOTA, to je o\u010d tu b\u011b\u017e\u00ed.<\/p>\n<p>Auto jsme vyb\u00edrali dostate\u010dn\u011b dlouho a dost poctiv\u011b. \u0160lo o to m\u00edt spolehliv\u00e9 auto, nejl\u00e9pe offroad s dobr\u00fdm renom\u00e9, bezpe\u010dn\u00e9, spolehliv\u00e9.<\/p>\n<p>Tady mus\u00edm p\u0159iznat, \u017ee m\u016fj prvotn\u00ed z\u00e1m\u011br byl pou\u017e\u00edt dod\u00e1vku IVECO. Auto upravit jako obytn\u00e9 a vypravit se ve \u010dtve\u0159ici s pln\u00fdm komfortem. Ale potom jsem p\u0159i jedn\u00e9 cest\u011b dod\u00e1vkou zjistil, \u017ee v ter\u00e9nu je toto auto bez n\u00e1honu na v\u0161eny \u010dty\u0159i nepou\u017eiteln\u00e9. T\u00edm chci jenom \u0159\u00edct, \u017ee IVECO je auto dobr\u00e9, spolehliv\u00e9, ale na na\u0161e \u00fa\u010dely se \u00fapln\u011b nehodilo.<\/p>\n<p>Za\u010dalo nov\u00e9 hled\u00e1n\u00ed. Prvn\u00edm momentem bylo, \u017ee jsme se smrskli na dva cestuj\u00edc\u00ed p\u0159es Rusko a na \u010dta\u0159i a\u017e v Mongolsku. To samoz\u0159ejm\u011b m\u011bn\u00ed cel\u00fd pohled na nov\u00e9 zad\u00e1n\u00ed. Co te\u010f? V\u00fdb\u011br se z\u00fa\u017eil na n\u011bkolik zna\u010dek a za\u010dalo prohled\u00e1v\u00e1n\u00ed webu, autobazar\u016f a inzer\u00e1t\u016f. Nav\u0161t\u00edvili jsme n\u011bkolik prodejc\u016f, prohl\u00e9dli n\u011bkolik nab\u00eddek. Projeli jsme se s NISANEM, projeli jsme se s LAND ROVEREM a nakonec jseme se setkali s na\u0161\u00ed &#8222;novou&#8220; TOYOTOU LAND CRUISEREM.<\/p>\n<p>Setk\u00e1n\u00ed osudov\u00e9 a po velmi kr\u00e1tk\u00e9m rozm\u00fd\u0161len\u00ed jsme spolu fi\u010deli z autobazaru v \u0158\u00ed\u010danech dom\u016f.<\/p>\n<p><a href=\"https:\/\/ipp.name\/wp-content\/uploads\/2016\/05\/IMG_5849.jpg\"><img loading=\"lazy\" decoding=\"async\" class=\"alignnone wp-image-23\" src=\"https:\/\/ipp.name\/wp-content\/uploads\/2016\/05\/IMG_5849-300x225.jpg\" alt=\"IMG_5849\" width=\"863\" height=\"647\" srcset=\"https:\/\/ipp.name\/wp-content\/uploads\/2016\/05\/IMG_5849-300x225.jpg 300w, https:\/\/ipp.name\/wp-content\/uploads\/2016\/05\/IMG_5849-768x576.jpg 768w, https:\/\/ipp.name\/wp-content\/uploads\/2016\/05\/IMG_5849-1024x768.jpg 1024w\" sizes=\"auto, (max-width: 863px) 100vw, 863px\" \/><\/a><\/p>\n<p>Na tomto m\u00edst\u011b chci vyzdvihnout p\u0159\u00edstup a profesionalitu majitele a pracovn\u00edk\u016f autobazaru. Je fakt, \u017ee stejn\u011b jako ostatn\u00ed, p\u0159ed kter\u00fdmi jsem se zm\u00ednil o pl\u00e1novan\u00e9 cest\u011b do Mongolska se pon\u011bkud zarazili a prohl\u00ed\u017eeli si mne zda jsem \u00fapln\u011b norm\u00e1ln\u00ed \ud83d\ude42<\/p>\n<p>No a tak se TOYOTA objevila doma pod p\u0159\u00edst\u0159e\u0161kem a my jsme pokra\u010dovali v p\u0159\u00edprav\u00e1ch.<\/p>\n<p>Prvn\u00ed na\u0161e cesta vedla do pardubick\u00e9 pobo\u010dky TOYOTA TSHUSHO. To je ta TOYOTA s opi\u010dkou na st\u0159e\u0161e. Tady je skupina lid\u00ed, kter\u00e9 velice v\u011b\u0159\u00edm. Ta d\u016fv\u011bra se budovala n\u011bkolik let a n\u011bkolika n\u00e1kupy na\u0161ich osobn\u00edch aut. Je to na p\u0159\u00edsp\u011bvek na jin\u00e9 m\u00edsto a mo\u017en\u00e1 to n\u011bkdy rozvinu. Ka\u017edop\u00e1dn\u011b na z\u00e1klad\u011b m\u00fdch zku\u0161enost\u00ed jsem auto dovezl na prohl\u00eddku, v\u00fdm\u011bnu olej\u016f, kontrolu stavu. Byl jsem mile p\u0159ekvapen, kdy\u017e mi ho\u0161i sd\u011blili, \u017ee to byl opravdu dobr\u00fd n\u00e1kup a auto nejen, \u017ee odpov\u00edd\u00e1 stavu tachometru (cca 230 000 km), ale naopak je ve stavu lep\u0161\u00edm. Nav\u00edc i po pro\u010dten\u00ed r\u016fzn\u00fdch web\u016f jsem se ubezpe\u010dil, \u017ee pro tuhle \u010d\u00e1st sv\u011bta je to zna\u010dka nejvhodn\u011bj\u0161\u00ed.<\/p>\n<p>Za\u010dali jsme se s &#8222;holkou&#8220; tak trochu pozn\u00e1vat. M\u00e1 obrovskou s\u00edlu a po ujet\u00ed prvn\u00edch spole\u010dn\u00fdch tis\u00edc kilometr\u016f jsme se dostali na pr\u016fm\u011brnou spot\u0159ebu 8,7 litr\u016f\/100 km. (Kdo m\u011b zn\u00e1, tak v\u00ed, \u017ee jsem stra\u0161n\u011b py\u0161nej na to, \u017ee se mi vet\u0161inou da\u0159\u00ed jezdit pod pr\u016fm\u011brnou tabulkovou spot\u0159ebou u v\u0161ech aut do kter\u00fdch jsem sednul :-, m\u016f\u017eu se malinko pochlubit, ne? Nekec\u00e1m, fakt).<\/p>\n<p>Technick\u00e1 prob\u011bhla taky celkem bez probl\u00e9m\u016f a snad se nebude nikdo zlobit na 17. letou holku, \u017ee si malinko zakou\u0159\u00ed. Ta kou\u0159ivost byla na hran\u011b. J\u00e1 to \u0159\u00edk\u00e1m st\u00e1le d\u016frazn\u011bji a d\u016frazn\u011bji (jako vyl\u00e9\u010den\u00fd ku\u0159\u00e1k), kou\u0159en\u00ed prost\u011b \u0161kod\u00ed.<\/p>\n<p>S jarem u\u017e p\u0159ich\u00e1z\u00ed kosmetick\u00e9 \u00fapravy a dovybaven\u00ed. Nejsme sice je\u0161t\u011b v p\u0159edcestovn\u00ed hore\u010dce, to teprve p\u0159ijde, ale n\u011bco je t\u0159eba doladit.<\/p>\n<p>Te\u010f m\u00e1me nov\u00e9 boti\u010dky. Postaro\u017en\u00ed sle\u010dn\u011b fakt slu\u0161\u00ed. Douf\u00e1m, \u017ee dal\u0161\u00ed dopl\u0148ky u\u017e budu vyb\u00edrat rychleji.<\/p>\n<p><a href=\"https:\/\/ipp.name\/wp-content\/uploads\/2016\/05\/IMG_6411.jpg\"><img loading=\"lazy\" decoding=\"async\" class=\"alignnone wp-image-25\" src=\"https:\/\/ipp.name\/wp-content\/uploads\/2016\/05\/IMG_6411-300x225.jpg\" alt=\"IMG_6411\" width=\"466\" height=\"350\" srcset=\"https:\/\/ipp.name\/wp-content\/uploads\/2016\/05\/IMG_6411-300x225.jpg 300w, https:\/\/ipp.name\/wp-content\/uploads\/2016\/05\/IMG_6411-768x576.jpg 768w, https:\/\/ipp.name\/wp-content\/uploads\/2016\/05\/IMG_6411-1024x768.jpg 1024w\" sizes=\"auto, (max-width: 466px) 100vw, 466px\" \/><\/a><a href=\"https:\/\/ipp.name\/wp-content\/uploads\/2016\/05\/IMG_6412.jpg\"><img loading=\"lazy\" decoding=\"async\" class=\"alignnone wp-image-26\" src=\"https:\/\/ipp.name\/wp-content\/uploads\/2016\/05\/IMG_6412-300x225.jpg\" alt=\"IMG_6412\" width=\"465\" height=\"349\" srcset=\"https:\/\/ipp.name\/wp-content\/uploads\/2016\/05\/IMG_6412-300x225.jpg 300w, https:\/\/ipp.name\/wp-content\/uploads\/2016\/05\/IMG_6412-768x576.jpg 768w, https:\/\/ipp.name\/wp-content\/uploads\/2016\/05\/IMG_6412-1024x768.jpg 1024w\" sizes=\"auto, (max-width: 465px) 100vw, 465px\" \/><\/a><\/p>\n<p>V \u0159e\u0161en\u00ed je zahr\u00e1dka a co je pro m\u011b velmi d\u016fle\u017eit\u00e9, v \u0159e\u0161en\u00ed je test v opravdov\u00e9m ter\u00e9nu. Chyst\u00e1me se se starou d\u00e1mou na polygon v Milovic\u00edch.<\/p>\n<p>A o tom si u\u017e \u0159ekneme na jin\u00e9m m\u00edst\u011b \ud83d\ude42<\/p>\n<p>(2017_05_01)<\/p>\n<p>Je na \u010dase dokon\u010dit pov\u00edd\u00e1n\u00ed o &#8222;star\u00e9 lady&#8220;, kter\u00e1 n\u00e1s dovezla tam, kam jsme se cht\u011bli pod\u00edvat a bez nads\u00e1zky splnila ka\u017ed\u00e9 na\u0161e p\u0159\u00e1n\u00ed. Pokud se kdokoliv z v\u00e1s, na\u0161ich \u010dten\u00e1\u0159\u016f, chce v budoucnu vypravit na podobnou dobrodru\u017enou cestu, doporu\u010duji spolehliv\u00e9 vozidlo a t\u00edm je jednozna\u010dn\u011b TOYOTA LAND CRUISER a pokud mo\u017eno star\u0161\u00edho roku v\u00fdroby. My jsme m\u011bli vozidlo z roku 1998, model 90, v Mongolsku a na v\u00fdchod\u011b naz\u00fdvan\u00e9 PRADO. Krom\u011b toho, \u017ee v\u0161ude maj\u00ed n\u00e1hradn\u00ed d\u00edly (ty v naprost\u00e9 v\u011bt\u0161in\u011b p\u0159\u00edpad\u016f ani nepot\u0159ebujete), tak um\u00ed z\u00e1rove\u0148 toto vozidlo opravit. A to do slova a do p\u00edsmene na kolen\u011b.<\/p>\n<p>&nbsp;<\/p>\n","protected":false},"excerpt":{"rendered":"<p>Pro\u010d pr\u00e1v\u011b TOYOTA, to je o\u010d tu b\u011b\u017e\u00ed. Auto jsme vyb\u00edrali dostate\u010dn\u011b dlouho a dost poctiv\u011b. \u0160lo o to m\u00edt spolehliv\u00e9 auto, nejl\u00e9pe offroad s dobr\u00fdm renom\u00e9, bezpe\u010dn\u00e9, spolehliv\u00e9. Tady mus\u00edm p\u0159iznat, \u017ee m\u016fj prvotn\u00ed z\u00e1m\u011br byl pou\u017e\u00edt dod\u00e1vku IVECO. Auto upravit jako obytn\u00e9 a vypravit se ve \u010dtve\u0159ici s pln\u00fdm komfortem. Ale potom jsem &hellip;<br \/><a href=\"https:\/\/ipp.name\/?page_id=19\" class=\"more-link pen_button pen_element_default pen_icon_arrow_double\">Pokra\u010dovat ve\u00a0\u010dten\u00ed <span class=\"screen-reader-text\">TOYOTA<\/span><\/a><\/p>\n","protected":false},"author":1,"featured_media":0,"parent":0,"menu_order":0,"comment_status":"closed","ping_status":"closed","template":"","meta":{"footnotes":""},"class_list":["post-19","page","type-page","status-publish","hentry"],"_links":{"self":[{"href":"https:\/\/ipp.name\/index.php?rest_route=\/wp\/v2\/pages\/19","targetHints":{"allow":["GET"]}}],"collection":[{"href":"https:\/\/ipp.name\/index.php?rest_route=\/wp\/v2\/pages"}],"about":[{"href":"https:\/\/ipp.name\/index.php?rest_route=\/wp\/v2\/types\/page"}],"author":[{"embeddable":true,"href":"https:\/\/ipp.name\/index.php?rest_route=\/wp\/v2\/users\/1"}],"replies":[{"embeddable":true,"href":"https:\/\/ipp.name\/index.php?rest_route=%2Fwp%2Fv2%2Fcomments&post=19"}],"version-history":[{"count":4,"href":"https:\/\/ipp.name\/index.php?rest_route=\/wp\/v2\/pages\/19\/revisions"}],"predecessor-version":[{"id":1466,"href":"https:\/\/ipp.name\/index.php?rest_route=\/wp\/v2\/pages\/19\/revisions\/1466"}],"wp:attachment":[{"href":"https:\/\/ipp.name\/index.php?rest_route=%2Fwp%2Fv2%2Fmedia&parent=19"}],"curies":[{"name":"wp","href":"https:\/\/api.w.org\/{rel}","templated":true}]}}